 (-1 - 2) + (347 - 354)?
-10
Calculate -17 - (11 + -15 + 23 + -12).
-24
Calculate -4 - (-5 - (-10 - -6)).
-3
-3 + 1 + -3 + (4 - 4 - -16)
11
(2 - 0) + (-15 - (-1 + -12))
0
Calculate -10 - (-13 + 21 - 23).
5
Evaluate 5 - (-25 - -22 - (-1 - -3)) - 1.
9
What is -3 + (-22 - -21 - (-5 - (1 + 0)))?
2
Calculate 13 + -2 - ((-1 - 0) + -6 + 8).
10
Evaluate 44 - (4 - 3) - (-57 - -66).
34
26 + 1 - (26 - (16 - (3 + -4)))
18
What is the value of (2 + 0 - 1 - (-16 - -21)) + 5?
1
What is (97 - 41 - 19) + -9?
28
Evaluate -1 + 3 - (-57 - -44 - (-2 - 13)).
0
What is the value of (14 - (0 - -8)) + 3 + -2 + 3?
10
What is 34 - -32 - (-10 + 48)?
28
What is the value of (28 - 3 - 46) + 21?
0
What is the value of (4 - -10) + (0 - -2 - 10) + 2?
8
Calculate (-75 + -5 - -90) + 22 + -1.
31
What is 20 - (5 + 1) - (-27 + 13)?
28
What is (-37 + -21 + 20 - -17) + 1 + 8?
-12
What is the value of (0 + 0 - 7) + 22 + (-60 - -26)?
-19
Calculate -61 + 44 - (-9 + 6).
-14
-2 + 3 + (14 - 25)
-10
What is the value of 11 - (7 - (-37 + 20))?
-13
Evaluate 3 - (27 - 7) - (-36 - -5).
14
What is the value of 16 - ((-2 - 1) + (-28 - -8))?
39
What is 26 + (-2 - (3 - 2) - (71 + -73))?
25
What is 1 - (5 - -10) - (-12 - -3)?
-5
22 + 2 - 1 - ((27 - 92) + 63)
25
1 - (2 + 9 + (2 + 1 - 9))
-4
21 - (-5 + 31 + -4 + -9)
8
Evaluate -6 - (5 - 12) - ((3 - 1) + 2).
-3
Evaluate -3 + (7 - 8) + 11 + -3.
4
What is the value of (32 - (11 - 1)) + 5 - 10?
17
Evaluate (3 - (-5 + 6)) + 0 - -2.
4
What is (-1 + 11 - 1) + -22 - -7?
-6
Calculate (-11 - (10 - (6 + -8 - -7))) + -10.
-26
Evaluate 5 + (3 - 2) + 32 + -39.
-1
2 - (-2 + 1 - -15 - (7 - 5))
-10
Calculate -11 + 0 + -1 + -13 + 3 + 2.
-20
(17 - 5 - 43) + 5 + 1
-25
(10 - 0) + (-58 - -9 - -53)
14
What is the value of (36 - -2) + (-23 - -36) + -9 + -9?
33
Calculate -19 - 11 - -14 - (-5 - -1) - 8.
-20
Calculate (-8 + 0 - -7) + -11 - 8.
-20
What is the value of 46 + -20 - (31 + -19)?
14
What is 7 + (12 + 2 - (56 - 47)) + -21?
-9
Calculate -1 + 10 + (26 - 42) + 5 + 7.
5
Calculate 7 + -6 + (29 + 0 - (-18 - -21)).
27
What is the value of 36 + (-16 + 11 - 16)?
15
Evaluate 11 + (8 + 2 + -8 - -6).
19
What is (15 - 1 - 1 - (365 - 359)) + 5?
12
What is -15 - (-4 - (9 + 8))?
6
What is (-2 - -18 - 22) + 0?
-6
Calculate -3 + 5 + -14 + (22 - 5).
5
Calculate -3 - 8 - (32 - 41).
-2
Evaluate -9 + -8 + 6 + 1 + 3 - -10.
3
Calculate (-635 - -652) + (6 - (0 + -1)).
24
What is 3 - (0 + -3 + -3 - (-14 + 11))?
6
What is the value of 5 + (-4 + (2 - (8 + -6)) - 2)?
-1
2 - -10 - (-26 + 36)
2
(43 - 56) + 2 + -1
-12
What is the value of -4 + (-16 - (-12 + -11) - 9)?
-6
What is (8 - (-21 + 17)) + -7?
5
Calculate 1 - (-6 - -1 - 14) - 12.
8
What is (-36 - 1) + 28 + -10?
-19
What is the value of -28 - (-1 + -2 + -7)?
-18
Calculate -4 + (16 - (30 + -23)).
5
What is (-13 - (0 + -12)) + -3?
-4
What is 26 + -5 + 12 + (-17 - -1)?
17
What is -5 + (6 - 12) + (-6 - -33)?
16
What is the value of -27 + -3 + -4 + 20 + -8 + 1?
-21
-2 - (-8 + -2 - (-5 - -10))
13
Evaluate -15 + -15 + 50 - 14.
6
What is the value of (43 - 33) + (-1 - 6)?
3
Evaluate -4 - (-9 + -16 + (5 + 7 - 6)).
15
Calculate -3 + 3 + (50 - 8) - 6.
36
-15 - (10 - (3 + 15))
-7
What is (4 - (20 + 1 + 8 + -13)) + -15?
-27
Calculate 106 - 120 - (2 - (49 + 4)).
37
What is 0 + 8 + -22 + 10?
-4
What is -33 + 7 + (-18 - (1 - 12))?
-33
What is the value of (1 - 25) + (3 - -14) + -12 + -10?
-29
What is 40 + -26 - -2 - (8 + -1)?
9
12 - 2 - (16 - (30 + -23)) - 4
-3
Evaluate (1 - -6) + (241 - 246) + 1 + 1.
4
What is -49 + -1 - (-744 + 717)?
-23
Calculate -16 + (-18 - 3) + 38.
1
What is -15 - ((4 - 10) + 6 + -2 + 1)?
-14
-13 + 7 + -22 - -15
-13
-3 - (-14 - -2) - (16 + 2)
-9
What is (16 - 22) + 21 - 26?
-11
Calculate 1 + 3 - (-6 - 8 - -21) - 12.
-15
What is the value of 34 - (37 - (5 - -16))?
18
What is 7 + -29 + 3 + 5 + -14?
-28
Calculate 10 + -3 - (-103 + 134).
-24
What is the value of 10 + (4 - -19) + -38?
-5
25 - (31 + -32 + -1 + 9)
18
Calculate 0 + -9 - (235 - 233).
-11
What is (0 - -2 - (2 - -1)) + (71 - 71)?
-1
Evaluate 9 + 5 + 9 + -23 - (1 - -16).
-17
(-25 + 20 - 14 - -22) + 9 + 0
12
Calculate 1 - (2 - (-2 + -4)) - 2.
-9
What is 2 + -5 + (11 - -5) + -10?
3
Calculate 11 + -9 + 8 + -15.
-5
What is the value of 6 - (-34 - (-49 - -18))?
9
Evaluate (26 - 47) + 2 + 19.
0
4 - 7 - (0 + 6 + -10)
1
Evaluate 5 - ((3 - 0) + -6 + 0 + 2).
6
What is -27 + 6 + 26 + -7 + 0 - -23?
21
Evaluate -4 - (-20 + (104 + -97 - (5 + -1))).
13
What is the value of -33 - (18 - (6 + 24))?
-21
Evaluate (-17 - -9) + 16 + -5 + 8.
11
-5 + 1 + (-2 - 2) + -8 + 16
0
Evaluate -3 - -14 - (-2 - 0 - -4).
9
(149 - 131) + (-47 - 3)
-32
14 + (27 - 52) + 10
-1
Calculate 28 + (-12 - (-4 + 2)) + 3 + 9.
30
What is the value of 22 - (-14 + (-5 - -42))?
-1
-1113 + 1154 - (-1 - -32)
10
-237 + 231 + (26 - (3 - 2)) + 4
23
What is (-13 - (-19 - 11 - -9)) + (-4 - 10)?
-6
What is the value of -9 + (-4 + 7 - -2) - (-8 + 1)?
3
What is (-15 - -2) + -1 - (-2 + (0 - 0))?
-12
Calculate 7 + (22 - (11 + -21)).
39
What is the value of (16 - (17 - -1)) + (-1 - -8) - -1?
6
Evaluate -2 + -7 + 0 + (-61 - -69).
-1
What is the value of 14 - (-10 + 11 + 1 - -13)?
-1
12 - 8 - ((-6 - 3) + (1 - -45))
-33
Evaluate (5 - 4) + (16 - 22) + (-2 - -2).
-5
Evaluate 2 + -10 + 4 + (24 + 4 - 1).
23
(-9 - (-6 + -6 + (2 - 3))) + -4
0
Calculate -5 + -1 + (-4 - (1 + (1 - 5))).
-7
-1 + 9 + 26 + -33 + (-3 - 1)
-3
Calculate -1 + 10 + (4 - 51 - -19) + 17.
-2
0 - (-19 - (3 - 19))
3
Calculate 2490 + -2461 - (8 - -1 - 1).
21
11 + (-8 - 11) - (2 + -8) - 15
-17
Evaluate (5 - (-5 + -3)) + (1 - -6) + -8.
12
24 + -5 + 17 + -33
3
What is (11 - (-8 + 10 - -4) - -5) + -3?
7
Evaluate -14 + (11 - (1 - -6) - 3).
-13
(-19 - -2) + (33 - 25)
-9
-1 + 8 - ((2 - (11 - 3)) + 8)
5
Calculate (-1 + 7 + 6 - 8) + (16 - 1).
19
What is the value of 10 - ((6 - 3) + (44 - 55))?
18
What is 1 - 10 - (-5 - -1 - (65 + -67))?
-7
Calculate (223 - 227) + (1 - (0 + -22)).
19
What is the value of -14 + (-4 - -36) + -8?
10
(-9 - -8) + (1 - 1) - 5
-6
Evaluate 2 + -2 + 14 + (-3 - (7 + -5)).
9
(-33 - (-9 - 4)) + -2 + 6
-16
What is the value of (5 - 19 - -2) + 21 + -20?
-11
Calculate 10 - (7 - (8 + -2)).
9
(16 - -1) + (-68 - -51) + (6 - 2)
4
What is the value of -6 - (-10 + 29 + -41)?
16
(2 + 0 + -5 - -18) + (5 - 11)
9
Evaluate -11 - (28 - 42) - 9.
-6
What is (1 - -4) + (-5 - -1) - (2 - 1)?
0
Evaluate 11 + (6 - (6 - -2) - 0).
9
What is 14 - (14 + (10 - 11))?
1
-20 - (-40 + (-51 - -44))
27
Evaluate -12 + (-16 - -10) + 15.
-3
Evaluate (1 - (18 + -6 + -7)) + 4.
0
Calculate 19 + 17 + 5 + -62.
-21
What is 0 + (-3 - -17) + -8 + 2?
8
What is the value of 1 + 3 + 5 + (-8 - 6)?
-5
What is 26 + (-9 - 16 - -24)?
25
What is -13 + (1 - (-9 - (4 - 2)))?
-1
Calculate 9 + -3 + 1 - (-321 + 324).
4
Evaluate (-174 - -188) + 2 + 22.
38
-3 - -2 - (7 + -17 + -5 + -4)
18
What is the value of 5 + 3 + 0 - ((8 - 4) + -3)?
7
47 + (-30 - (18 + -17))
16
What is -17 - 2 - (6 - (16 + -6))?
-15
-10 - ((-12 - (-11 + 7)) + -4)
2
(21 + -7 - (4 - -4)) + -5
1
Calculate 15 + -14 + (6 - -11).
18
Evaluate -15 + 1 - (47 + (31 - 83)).
-9
Evaluate 9 - (11 + (-2 - 6)).
6
What is the value of 10 + -9 + (-1 - -12)?
12
What is the value of -14 + (18 - 1) + (-132 - -101)?
-28
What is the value of (-48 - -26) + 2 + 2 - 3?
-21
Calculate 12 + (6 - 18) + -14 - 0.
-14
(-32 - -1) + (-2771 - -2814)
12
(-45 - -55) + (-1 + 14 - 3)
20
What is the value of 3 + (-7 - 0) - (-23 + 5)?
14
What is (41 - 15) + -54 + 28?
0
Evaluate (6 - (25 + 2 - (-4 + 5))) + 7.
-13
Evaluate 3 + (-26 + -1 - (9 + -21)).
-12
9 + (-14 - (4 - (-6 - -3)))
-12
-5 + 43 - (-79 - -96)
21
What is (-139 - -142) + -2 + 3 + 6?
10
What is the value of -7 + -10 + -10 + 6 + 8 + 1?
-12
(-2 - 13) + -27 + 26 + -8 + -11
-35
What is the value of (-23 - -16) + -3 - -6 - -20?
16
Evaluate 8 + (-9 - (-16 - -12)) + 12 + 2.
17
What is the value of -8 + 1 + (-18 + 7 - -20) - 19?
-17
What is the value of 18 - (18 + -5 + 6)?
-1
What is the value of 24 + 5 + -6 + -1?
22
What is the value of 1 + -11 + -1 + 16 - (3 + 1)?
1
8 + (-58 - -14 - -14) - -7
-15
What is the value of -19 + (47 - (-33 + 53))?
8
What is -7 + (-3 - (4 + -36 - 1))?
23
Calculate 12 + (-2 - 0) + -2 - (-221 - -212).
17
8 + (-5 - -7) + -15 + -7 + 0
-12
Evaluate 219 + -218 - (19 - 1).
-17
What is -10 + (-1 - 3 - -17)?
3
What is (26 - (15 